t is the remainder when n is divided by 35?
32
Let b(t) = t + 12. Suppose i = -0*i + 34. Calculate the remainder when i is divided by b(0).
10
Let c(m) = m + 6. Suppose 4*l + 0*l = 124. Let p = 48 - l. What is the remainder when p is divided by c(3)?
8
Let i = 113 - 87. What is the remainder when 76 is divided by i?
24
Let i(p) = 3*p - 1. Let d be i(1). Suppose 38 = d*b + 5*q, 3*b - 2*q = b + 10. What is the remainder when ((-40)/(-3))/(3/b) is divided by 14?
12
Let x(y) = 61*y**2 + 17*y + 3. Let i(z) = -20*z**2 - 6*z - 1. Let l(t) = 17*i(t) + 6*x(t). What is the remainder when l(-1) is divided by 10?
7
Suppose -l - l + 18 = 2*t, 2*l + 3 = t. Suppose 0 = 2*s - t*s. Calculate the remainder when -2 - (s + -7 + -2) is divided by 3.
1
Let o be (12/1)/(12/(-16)). Let w = -14 - o. Calculate the remainder when w is divided by 1.
0
Suppose -2*h = 4*y - 260, 2*y - y - 2*h - 75 = 0. Calculate the remainder when y is divided by -1*23*2/(-2).
21
Let u(j) = j**2 + 7*j + 5. Let q be u(-4). Let f = -5 + q. Let k = f + 32. What is the remainder when k is divided by 11?
9
Suppose -2*u = -5*u + 4*s + 18, 0 = -5*s + 15. Suppose 0 = x - 3*k - 18, 0*k + u = -2*k. Calculate the remainder when (-2)/(-8) - (-93)/12 is divided by x.
2
Let a = 11 - 6. Suppose -a*g - 13 = -88. Calculate the remainder when 28 is divided by g.
13
Calculate the remainder when -4 - -2 - (-3 + -26) is divided by 10.
7
Suppose 6*s - 3*s + 5*d - 63 = 0, -5*s = 2*d - 124. What is the remainder when 51 is divided by s?
25
Calculate the remainder when (-3)/4 + (-318)/(-8) is divided by 14.
11
Suppose 0 = -5*c + 37 + 58. What is the remainder when c is divided by 525/49 + (-4)/(-14)?
8
Let k(t) = -t**3 + 13*t**2 + 14*t + 3. Let n be k(14). Suppose -27 = -6*i + n*i. Suppose 2*g = 30 + 2. What is the remainder when g is divided by i?
7
Suppose 5*y - 2*y - 24 = 0. Let x = 17 - y. What is the remainder when 34 is divided by x?
7
Suppose 5*b = -3*b + 312. Calculate the remainder when b is divided by 11.
6
Let w(o) = -o**2 - 5*o - 4. Let r be w(-3). Suppose -4*l + 92 = 4*t - r*t, -2*l + 2*t = -52. What is the remainder when l is divided by 13?
11
Suppose -m + 0*m = u - 3, -3*m = -3*u - 33. Let d(x) = x**2 - 6*x - 2. Calculate the remainder when 12 is divided by d(m).
2
Let k(z) = -z**3 - 8*z**2 - 5*z**2 + 12*z**2 + 4. Let m = -2 + 13. What is the remainder when m is divided by k(0)?
3
Let t = -7 - -10. Suppose t*m + 45 = 6*m. Calculate the remainder when 43 is divided by m.
13
Let r(y) = 2*y + 29. Calculate the remainder when 10 is divided by r(-13).
1
Suppose 5*m - 148 = 4*s, -47 = -2*m + m - 5*s. Suppose -m = -g + 25. What is the remainder when g is divided by 12?
9
Suppose -3*d + 0*d + 33 = 0. Let n(o) be the first derivative of -2*o**2 + 7*o - 2. What is the remainder when n(-6) is divided by d?
9
Suppose 7*j - 5*j = 70. Calculate the remainder when j is divided by 12.
11
Let b be 5*((-3)/(-5) - 0). Suppose -b*c + c + 28 = 0. What is the remainder when 41 is divided by c?
13
Let l(a) = 2*a + 10. Let n be l(-7). Let f be 14/(-3)*(n + 1). Suppose r - f = -4. Calculate the remainder when r is divided by 6.
4
Let o(g) = g**2 - 3*g - 13. Calculate the remainder when o(-6) is divided by 11.
8
Let p = -57 + 65. Calculate the remainder when 9/1*40/12 is divided by p.
6
Suppose -3*u = 3*w - 63, 7*w - 113 = 2*w - 3*u. Let o(b) = -5*b + 22. What is the remainder when w is divided by o(3)?
4
Let p = 110 - 22. Calculate the remainder when p is divided by 23.
19
Suppose c + 0*c + 5 = -4*p, 5*c = -5*p + 20. Suppose -38 = -2*a + b, -2 = -2*b + 2. Calculate the remainder when a is divided by c.
6
Suppose -17 + 81 = 4*v. What is the remainder when 61 is divided by v?
13
Let q be (-14)/(-3) + (-6)/9. Let x(z) = z**3 - 3*z**2 + 6*z - 5. What is the remainder when x(q) is divided by 12?
11
Let r(b) = -b + 1. Let y be r(-7). Suppose 5*f - 4*k - 1 - y = 0, -5*f + 2*k = -17. Suppose 2*z - 5 = f. What is the remainder when 19 is divided by z?
4
Suppose -4*v - 14 = -5*i + 2, 3*i - 16 = -4*v. Suppose -l + 4*d + 40 = 14, -62 = -i*l + 2*d. Calculate the remainder when l is divided by 5.
4
Let p(a) = 5*a**2 + a + 1. Calculate the remainder when 14 - (-1 + (0 - -1)) is divided by p(-1).
4
Suppose -7*v - 153 = -10*v. Let j = 11 + 2. Calculate the remainder when v is divided by j.
12
Let k = 9 - 8. Let f be k/(3*2/42). Let w(u) = -u**2 + 7*u + 10. What is the remainder when 29 is divided by w(f)?
9
Suppose -1 = 2*f + 67. Calculate the remainder when 31 is divided by 0 + f*(-1)/2.
14
Let z(r) = r**3 + 9*r**2 + 8*r - 1. Let w be z(-8). Let n(q) = 17*q**2 - q - 1. Calculate the remainder when 50 is divided by n(w).
16
Suppose 5*g = 52 - 2. Suppose 0 = 4*q + 4*y - 56, y = 3*y + g. Calculate the remainder when q is divided by 2*(-1 - (-13)/2).
8
Let d be (-2)/(-3) + 35/15. Suppose 3*m = -3*a + 51, -4*m + 30 = -3*a + 5*a. Suppose -d = -f + a. Calculate the remainder when f is divided by 12.
10
Let y(z) = 9*z**2 - 2*z - 2. Let b(m) = m**2 - m - 4. Let w be b(4). Let f be w/3 - (-4)/(-6). What is the remainder when y(f) is divided by 16?
14
Let x = -11 - -19. Let v(n) = n**2 + n + 22. What is the remainder when v(0) is divided by x?
6
Let w = 32 - 23. Calculate the remainder when 33 is divided by w.
6
Suppose -6*o + 30 = -4*o + 2*s, -55 = -5*o + 5*s. What is the remainder when 20 is divided by o?
7
Let q = -12 + -6. Let p be ((-26)/(-6))/((-1)/q). Suppose 0 = 2*d + 10 - p. Calculate the remainder when d is divided by 18.
16
Let l = 0 - -19. Calculate the remainder when l is divided by 5.
4
Suppose 0*o = -4*o + 52. Let r(u) = -u**3 - 6*u**2 - 6*u + 2. Calculate the remainder when r(-6) is divided by o.
12
Let d be (-1 - -3)/((-1)/(-8)). Let w be ((-172)/d)/((-2)/8). Let h = -30 + w. What is the remainder when 51 is divided by h?
12
Let k = -8 - -8. Suppose 4*c + k*c + 3*w = 79, 21 = c + 2*w. Calculate the remainder when 55 is divided by c.
17
Let n = 53 + -22. Calculate the remainder when n is divided by (6/(-10))/(2/(-30)).
4
Let w be 5*(27/(-15) - -1). What is the remainder when 49 is divided by (-41)/(-4) - (-1)/w?
9
Let s = -2 + 2. Calculate the remainder when 5 is divided by 6 + (s/(-3) - 2).
1
Let c(t) = -t + 1. Let y be c(0). Let i = y - 0. Suppose 2*m - 6 = -m. Calculate the remainder when m is divided by i.
0
Suppose 3*q + w + w = 73, 2*q = 3*w + 40. Let s = -1 - -3. Suppose 4*o - 32 = 2*m - m, 2*o = -s*m + 16. What is the remainder when q is divided by o?
7
What is the remainder when 110 is divided by 12/6 - (-27 + 1)?
26
Suppose 4*w + w - 25 = 0. Suppose 120 = w*a + c, -4*a - 3*c + 96 = 11. Let t = 19 + -10. Calculate the remainder when a is divided by t.
7
Suppose -4*s - 125 = -9*s. Suppose -3*v + 47 - 8 = 0. Calculate the remainder when s is divided by v.
12
Suppose 0*c = 4*c - 16. Suppose 3*r - c*r = -8. Calculate the remainder when 29 is divided by r.
5
Let o(l) = -2*l - 3. Let w = 32 - 20. What is the remainder when w is divided by o(-5)?
5
Let z(d) = d**3 + 8*d**2 + 7*d + 7. Let b be z(-7). Suppose b*x - 6*x = 82. Calculate the remainder when x is divided by 21.
19
Let s = -16 + 28. Let i = s + -6. Calculate the remainder when i is divided by 2.
0
Suppose 0 = 4*j + 2*h - 22, 0 = -3*j - 3*h + 10 + 14. Let q be 0 + j - (-2 - -3). Suppose 93 = 5*n - q. What is the remainder when n is divided by 10?
9
Suppose -76*v - 215 = -81*v. What is the remainder when v is divided by 22?
21
Suppose -4*d = -5*v + 13 + 2, 0 = 3*d - 15. Let q = -4 + v. Calculate the remainder when 5 is divided by q.
2
Let g(a) = a**2 + 4*a + 18. What is the remainder when 29 is divided by g(0)?
11
Let f = 40 + -29. Let g = 17 - f. What is the remainder when g is divided by 4?
2
Suppose 4*x = 5*w + 7*x - 19, -5*w = x - 13. Let m(b) = 2*b + 27. What is the remainder when m(-12) is divided by w?
1
Let a be (-1)/2*-4*1. Let h(n) = 4*n**2 - 3*n. What is the remainder when ((-29)/2)/(1/(-2)) is divided by h(a)?
9
Let o(a) = -3*a**2 - 20*a + 1. What is the remainder when o(-6) is divided by 21/4 - 1/4?
3
Let f be 49/21 + 1/(-3). Suppose -31 - f = -i. What is the remainder when i is divided by 17?
16
Let v(n) = n**3 - 11*n**2 + 12*n - 6. Calculate the remainder when 37 is divided by v(10).
9
Suppose -4*k + f + 17 = 4*f, 0 = 3*f + 3. What is the remainder when k 